number?
True
Is 20054036197 composite?
True
Is 219022027957 a composite number?
False
Is 651249859 a composite number?
True
Is 95098095769 a prime number?
False
Is 2199044279 a composite number?
False
Is 137129449 composite?
False
Is 64596953 composite?
False
Is 2595628001 prime?
False
Is 1388721553 a prime number?
True
Is 5670515897 a composite number?
True
Is 23528726561 a prime number?
False
Is 4552376749 composite?
True
Is 23037359883 a prime number?
False
Is 191692331 a composite number?
False
Is 213647453 composite?
False
Is 8468877379 a composite number?
False
Is 50347247 a composite number?
False
Is 44187996983 prime?
False
Is 56788219 prime?
False
Is 1559426189 composite?
True
Is 23713325693 a prime number?
True
Is 1762286131 prime?
True
Is 31791830491 a composite number?
False
Is 13432822303 composite?
False
Is 2462443433 a prime number?
True
Is 1029351283 a composite number?
False
Is 38266139666 a prime number?
False
Is 2368525817 a prime number?
False
Is 775557841 a composite number?
True
Is 344350711 composite?
False
Is 2992422299 prime?
True
Is 42810468023 a composite number?
False
Is 1000271773 a prime number?
True
Is 48707511719 a composite number?
False
Is 10422599839 prime?
False
Is 86487991531 prime?
False
Is 2114223773 prime?
False
Is 597006671 a composite number?
False
Is 526037331 a composite number?
True
Is 21451024403 composite?
False
Is 1339313779 a prime number?
True
Is 2453827241 a prime number?
False
Is 23729775539 prime?
True
Is 123911010187 composite?
True
Is 427050769 a composite number?
True
Is 203354689 composite?
True
Is 531163189 a composite number?
False
Is 23455420133 a prime number?
True
Is 3109549397 a composite number?
False
Is 4580132537 composite?
True
Is 1572212167 composite?
True
Is 40016221777 a composite number?
True
Is 380721893 a prime number?
False
Is 3980807069 a prime number?
True
Is 76417361 composite?
True
Is 15379888591 a prime number?
True
Is 47904341029 composite?
True
Is 2224177561 prime?
False
Is 14178412669 prime?
True
Is 272875693295 composite?
True
Is 27097338973 composite?
False
Is 1449303029 prime?
False
Is 19384119407 a composite number?
False
Is 6616213957 prime?
False
Is 85428821249 a composite number?
False
Is 2153288271 a prime number?
False
Is 67592015651 prime?
True
Is 111451056559 a prime number?
True
Is 193755629 prime?
True
Is 16363366121 prime?
False
Is 3511059829 a prime number?
True
Is 3750987853 a composite number?
True
Is 330478541 a composite number?
True
Is 3262277813 prime?
True
Is 33998321003 a prime number?
True
Is 294231557 a composite number?
False
Is 264363427 a prime number?
True
Is 4478764877 a composite number?
True
Is 66292357147 a prime number?
False
Is 25032893399 a prime number?
True
Is 28019383013 composite?
True
Is 26276983 a prime number?
False
Is 1045711923 prime?
False
Is 11140068229 a prime number?
True
Is 13074752029 a prime number?
False
Is 605112191 a prime number?
False
Is 336602219 a composite number?
False
Is 668324849 a prime number?
True
Is 2768294051 a composite number?
True
Is 122571797 prime?
True
Is 2014106911 prime?
True
Is 905405881 prime?
True
Is 29893799371 a composite number?
False
Is 3669942149 composite?
True
Is 1750306178 composite?
True
Is 2203295867 composite?
True
Is 129400165081 prime?
False
Is 7823822003 a composite number?
True
Is 5244766789 composite?
True
Is 96302276483 prime?
False
Is 4249031789 a composite number?
True
Is 1019579597 a composite number?
True
Is 4614339817 composite?
False
Is 212879239 prime?
False
Is 34080075853 prime?
False
Is 3163642043 composite?
True
Is 192776351 a prime number?
False
Is 117692421649 a composite number?
True
Is 131130608613 a prime number?
False
Is 344322989 a prime number?
True
Is 2048322161 prime?
False
Is 279966793 prime?
True
Is 554242657 prime?
False
Is 46513301353 a prime number?
False
Is 1333880371 composite?
False
Is 6443331751 prime?
True
Is 627788713 composite?
False
Is 68288732719 prime?
True
Is 211773312887 a prime number?
False
Is 102120970747 a composite number?
False
Is 35474067383 a prime number?
True
Is 92894670199 a composite number?
False
Is 1257710414 a prime number?
False
Is 3363962671 composite?
False
Is 197625045577 a prime number?
False
Is 9187244153 prime?
True
Is 347270626 composite?
True
Is 747681518 prime?
False
Is 1545258269 composite?
True
Is 160723197913 a composite number?
False
Is 167743603 prime?
True
Is 52551255907 a prime number?
True
Is 21049493093 composite?
False
Is 125065009961 prime?
False
Is 40660951801 prime?
True
Is 1480493981 a composite number?
False
Is 10605450059 a prime number?
True
Is 1112919407 a prime number?
False
Is 50835019171 a prime number?
False
Is 460328189 composite?
False
Is 3725317822 a composite number?
True
Is 34190833 a composite number?
False
Is 2530804453 composite?
False
Is 514679507 composite?
False
Is 3937131427 prime?
False
Is 9069287603 prime?
True
Is 3455588519 prime?
True
Is 12309708167 a prime number?
True
Is 147648773651 composite?
True
Is 154357923779 prime?
False
Is 9656254397 a composite number?
False
Is 41003770321 prime?
True
Is 17613649454 composite?
True
Is 905894447 a prime number?
False
Is 156908777 a composite number?
True
Is 13011689974 a prime number?
False
Is 656860379 prime?
False
Is 25817748263 a composite number?
False
Is 6972191713 composite?
False
Is 208424003 composite?
False
Is 275212459 composite?
True
Is 153592961 a composite number?
True
Is 840143371 prime?
True
Is 400489889 a prime number?
False
Is 3351260477 a composite number?
False
Is 1275950101 a prime number?
False
Is 9083700403 composite?
False
Is 1146439258 composite?
True
Is 36811276883 a prime number?
False
Is 5788532537 composite?
False
Is 42251764039 prime?
False
Is 1214970173 a prime number?
False
Is 182975623 composite?
False
Is 23251428643 prime?
True
Is 5928351109 a prime number?
True
Is 1056261991 composite?
True
Is 277256311 a composite number?
True
Is 294995012677 prime?
True
Is 2261385501 prime?
False
Is 4340501459 prime?
False
Is 318038209 prime?
True
Is 2616158081 prime?
True
Is 36403660333 prime?
False
Is 777989137 a composite number?
False
Is 9685973953 prime?
True
Is 518556223 a prime number?
True
Is 1185502333 prime?
False
Is 30217022369 composite?
False
Is 31367718133 a composite number?
False
Is 89026907 prime?
False
Is 40479015289 prime?
False
Is 1141888081 composite?
False
Is 6330032999 a prime number?
True
Is 1490128703 prime?
False
Is 6542439067 composite?
False
Is 4732169573 composite?
True
Is 49242041 prime?
False
Is 170633631503 a prime number?
False
Is 8261034153 composite?
True
Is 527229817 a prime number?
False
Is 1077321491 prime?
False
Is 83031001 a composite number?
False
Is 515994679 a prime number?
False
Is 1008037663 prime?
True
Is 28354943 a composite number?
True
Is 5742085889 a composite number?
True
Is 115107899 a composite number?
False
Is 183696236967 prime?
False
Is 463586041 composite?
True
Is 1503621907 prime?
False
Is 2806881047 prime?
True
Is 2961850871 composite?
True
Is 888116167 prime?
True
Is 5409255221 a composite number?
False
Is 31264471339 a composite number?
False
Is 343139827 composite?
False
Is 5331025613 a prime number?
False
Is 4457392127 a composite number?
True
Is 9978696539 prime?
False
Is 2825049791 a prime number?
True
Is 15524942194 a prime number?
False
Is 61870068397 a prime number?
False
Is 28783787191 a prime number?
True
Is 9545052371 a composite number?
True
Is 133520586931 a composite number?
False
Is 4634583737 composite?
True
Is 1071201181 a composite number?
False
Is 1417440083 composite?
True
Is 3514235455 composite?
True
Is 115255255 a composite number?
True
Is 10165340011 a prime number?
False
Is 2222249362 composite?
True
Is 65210460383 a prime number?
False
Is 20035682683 a composite number?
True
Is 25657016591 composite?
False
Is 8556341219 prime?
True
Is 3432450927 a composite number?
True
Is 262298381 prime?
True
Is 108716749 prime?
False
Is 21733963807 a composite number?
False
Is 1126329361 composite?
True
Is 45399577 prime?
True
Is 1351457213 composite?
True
Is 699880897 prime?
False
Is 2931045137 prime?
True
Is 45649275337 a prime number?
True
Is 17663567723 composite?
False
Is 1367492183 prime?
True
Is 11249630663 prime?
False
Is 434